
40
Let d = 354 - 156. Let n be (-6)/2*106/(-6). Let y = -3 + n. Calculate the remainder when d is divided by y.
48
Let w(n) = 12 + 2*n**3 - 2*n - 9 - 1. Let x be w(1). Suppose -5*o - i = -13 - 13, -x*o = 3*i - 13. Calculate the remainder when 23 is divided by o.
3
Suppose -2*t + 5*l - 120 = -5*t, 5*t - 200 = 2*l. Let s = t + -44. Let k = s + 21. What is the remainder when 65 is divided by k?
14
Suppose 2*m - 58 = -0*m + 4*g, 0 = 3*m + 3*g - 114. Let j(f) = 6*f + 307. What is the remainder when j(-39) is divided by m?
3
Let b = 1327 - 1295. Let c(q) = 6*q**3 - q**2 - 5*q**3 - 1 - 3*q - 3*q**2 - 2. What is the remainder when b is divided by c(5)?
4
Calculate the remainder when (1503/(-12))/(399/(-532)) is divided by 24.
23
Let h(a) = 11*a + 151. Calculate the remainder when (3/(-9))/(3/(-45)) + 68 is divided by h(-12).
16
Let p(y) be the third derivative of y**4/12 + y**3 - 19*y**2. Let u be p(0). Suppose 1 = 3*x + u*l - 2*l, 2 = -l. What is the remainder when 21 is divided by x?
0
Let f be 20/1*(-3)/2. Let j = f + 50. Calculate the remainder when 65 is divided by j.
5
Suppose -4*v - 78 = -3*o, -29*o + 84 = -26*o - 5*v. What is the remainder when 40 is divided by o?
4
Let j be 16*(-4)/48*-3. Suppose -3*f = -4*f + 1, 5*t + j*f - 64 = 0. Calculate the remainder when t is divided by (15/(-25) + 3)*20/6.
4
Let f(y) = -6*y**3 + 6*y**2 - 11*y + 9. Let a be f(4). Let x = 34 - a. Suppose -5*o - 2*o + x = 0. What is the remainder when o is divided by 29?
22
Suppose -1278 = -9*z + 792. Let v(w) = 2*w**3 - 2*w**2 - 3*w + 6. What is the remainder when z is divided by v(3)?
32
Let n(k) = 31*k**2 - 2*k - 3. Suppose -1013*z + 33176 = 263*z. Calculate the remainder when n(-2) is divided by z.
21
Let a = 9182 + -6785. What is the remainder when a is divided by 13?
5
Suppose -135 = -6*l + 189. What is the remainder when 626/12 + (-9)/l is divided by 36?
16
Calculate the remainder when (-40)/(-22) + -1*2 - 308462/(-847) is divided by 22.
12
Suppose -5*l = -6*l + 25. Suppose -5*n = -l, 3*d + 3*n - 435 = -0*d. What is the remainder when d is divided by 31?
16
What is the remainder when ((-100)/24 + 4 - (-41)/3)*70 is divided by 28?
21
Suppose 3*c - 10*c = 112. Let j = c - -36. Calculate the remainder when 168 + -165 - -54*1 is divided by j.
17
Let z = 17 - 3. Suppose -6*s = -z*s. Suppose 2*h - 325 = -3*h + 5*k, s = -h - 5*k + 77. Calculate the remainder when h is divided by 35.
32
What is the remainder when -4*212/16*-37 is divided by 131?
127
Let q be (20/9 - 2) + (-128)/(-72). Suppose 0 = -2*j - 18 - q. Calculate the remainder when 16 is divided by (0 - 4/(-6))*(-135)/j.
7
Let p(i) = -2*i**2 - 4*i. Let s be p(-3). Let a be (5/3)/((-5)/s). Suppose -4*q - t + 72 = 0, 9 = a*q + 2*t - 21. What is the remainder when 30 is divided by q?
11
Suppose 6 = 2*a - 5*a, 3*q + 5*a - 74 = 0. What is the remainder when ((-6)/(-3))/(2/(-11) - 28000/(-138875)) is divided by q?
17
Let p = -417 + 353. Let q = 84 + p. What is the remainder when 79 is divided by q?
19
Let a be 1/(5/(-15)) + 6/2. Suppose 3*k + 0*i - 18 = -3*i, a = 2*i - 6. Calculate the remainder when 83 is divided by (17/(-2))/(k/(-6)).
15
Suppose -221*l + 101*l = -452880. Calculate the remainder when l is divided by 25.
24
Suppose -34*g = -6*g - 16*g. Suppose g = -2*b + 48 - 26. Suppose 87 = 2*a + h, 4*a - h - 177 = -6*h. Calculate the remainder when a is divided by b.
10
Let r = 101 + -95. Let x = r + 35. Let u = 60 - x. Calculate the remainder when 54 is divided by u.
16
Suppose -259*h = -256*h - 1443. Suppose -22*x = -h - 685. Calculate the remainder when 105 is divided by x.
52
Suppose 2*p + 5*j = 50, 0 = 3*p - 18*j + 19*j - 49. What is the remainder when 2212 is divided by p?
7
Let a(j) = 3*j**2 + 50*j - 508. What is the remainder when a(-25) is divided by 19?
3
Let z(p) = -8*p + 21. Calculate the remainder when 4913 is divided by z(1).
12
Let w(x) = 2*x**3 - 14*x**2 + 69*x - 559. What is the remainder when w(10) is divided by 53?
42
Let a = 18804 + -18685. Calculate the remainder when a is divided by 57.
5
Let c(n) = 2*n**2 - 95*n - 472. What is the remainder when c(53) is divided by 1/(1/41)*1?
29
Let c = 4428 - 4390. Calculate the remainder when 99 is divided by c.
23
Let t be 106/6 + 6/(-9). Suppose -2*p - p + 3*u = -24, -t = -4*p + u. What is the remainder when p is divided by 2/9*3*52/(936/54)?
1
Let b = 7 - 5. Let r(i) = -11*i**2 + 462*i + 3. Calculate the remainder when b + 0/(-3) + 9 is divided by r(42).
2
Let q(f) = -2*f + 2 - 4 - 5 + 2. Let a be q(-5). Suppose 0 = a*j + 5*c - 130, 5*j = c + 3*c + 94. Calculate the remainder when 86 is divided by j.
20
Let c(i) = 3*i**3 + 3 + 4*i + 0*i**3 - i - 3*i**2 + i**3. Let h = 12960 + -12928. What is the remainder when c(3) is divided by h?
29
Let d = 312 - 133. Let s = -93 + d. What is the remainder when s is divided by 29?
28
Suppose 1354 = 2*d - 4*x, 86*x + 3369 = 5*d + 84*x. What is the remainder when d is divided by 25?
23
Suppose -3*k + 21 - 50 = -t, 0 = -t + 7*k + 37. Calculate the remainder when 637 is divided by t.
16
Suppose 1665 - 291 = 229*u. Calculate the remainder when 5846 is divided by u.
2
Suppose 77*y - 3497 = 6205. What is the remainder when y is divided by 123?
3
Suppose -f = -3*f - 5*o + 11, -f - 5*o - 7 = 0. Suppose 2*u = 253 - 103. Calculate the remainder when u is divided by f.
3
Suppose -5*m + 42 - 111 = -4*p, 4*p - 24 = -4*m. Suppose -y - p = -3*y + h, -5*y - 4*h = 5. What is the remainder when 61 is divided by y?
1
Suppose -83*g = -36*g - 329. What is the remainder when 823 is divided by g?
4
Suppose 39*q = 83*q - 30*q - 196. Suppose 4*r - 159 = y, -156 = -3*r - 5*y - 31. Calculate the remainder when r is divided by q.
12
Let h = -13128 + 13144. What is the remainder when 199 is divided by h?
7
Suppose 6 = 2*m + j, m + j = 4*j + 3. Let c be (m - (-51)/(-15))*35. Calculate the remainder when 57 is divided by ((-40)/c)/(-3 - 138/(-42)).
7
Suppose -65*g + 97288 - 85198 = 0. Let c be (38/(-5))/(1/5). Calculate the remainder when g is divided by c/(0 + -2) + 2.
18
Let c = 286 - 680. Let k = 656 + c. Suppose -9*r = -7*r - k. Calculate the remainder when r is divided by 22.
21
Let m(f) = -f**3 + 7*f**2 - 1. Let h be 0 + -1 - (0 - 5). Suppose a + 2*t + 0 = 9, -5*a = -h*t - 17. Calculate the remainder when m(a) is divided by 13.
10
Suppose -779*u + 763*u + 256 = 0. Calculate the remainder when 431 is divided by u.
15
Suppose -q = -87 + 28. Suppose -2*l + 3*a = -q, -2*l + 161 = 3*l - 3*a. Suppose 3 = n + r - 5*r, -2*n = -5*r - 18. What is the remainder when l is divided by n?
15
Let v(b) = b**3 - b**2 - b + 24. Suppose 101*o = -84*o + 56*o + 5418. What is the remainder when o is divided by v(0)?
18
Suppose 3*t + v - 674 = 0, 690 = 3*t - 7*v + 4*v. Calculate the remainder when t is divided by 220.
6
Suppose 0 = -86*z + 581 + 1569. Let v = 163 + -65. What is the remainder when v is divided by z?
23
Let j = -4511 - -4621. Calculate the remainder when 436 is divided by j.
106
Let m = 2848 + -1804. What is the remainder when m is divided by 44?
32
Suppose -8*m + 171 = -1845. Let f = m + -250. What is the remainder when 11 is divided by f?
1
Calculate the remainder when (-323 + 5)*72/32*12/(-18) is divided by 33.
15
Suppose 29 = -5*a + 49. What is the remainder when -20*(-34)/a + 27 + -23 is divided by 12?
6
Suppose -1097*m = -1101*m - 2*r + 54, -68 = -3*m + 4*r. Calculate the remainder when 1436 is divided by m.
12
Let x = 3250 - 3232. What is the remainder when 139 is divided by x?
13
Suppose 0 = -j + 34 - 30. Let l(o) = -o**3 + 2*o**2 + 8*o + 3. Suppose 0 = 2*u + 4, a + 62 = 5*a - 3*u. Calculate the remainder when a is divided by l(j).
2
Let s(z) = 4*z + 39. Let l be s(-9). Calculate the remainder when l - (-46)/((-15)/(-6) + -2) is divided by 43.
9
Suppose 11*k = 8*k - 432. Let b = -79 - k. Let z = 32 + -15. What is the remainder when b is divided by z?
14
Suppose -118*p - 2410 = -151459 - 187605. What is the remainder when p is divided by 102?
99
Let p(o) = 4*o**2 - 406*o + 472. What is the remainder when 810 is divided by p(101)?
0
What is the remainder when (-11 - 5064/(-42)) + 50/35 is divided by 52?
7
Let j(x) = 0*x - 251 - 7*x + 224 - x. What is the remainder when j(-21) is divided by 49?
43
Let c = 4 + 0. Let a(g) = -1 + g**2 - 3 + g + 